 r a prime number?
False
Let r = 34619 + 171974. Is r a composite number?
False
Suppose 20576 = 4*h - 4*f, 2*h - 3*f = -0*h + 10287. Suppose -h = -6*s + 14361. Is s composite?
False
Let l(g) = 2148*g + 1979. Is l(10) prime?
True
Let m(u) = u**3 - 11*u**2 - 27*u + 18. Let t be m(13). Suppose -4*y = -2*y - t*l - 4617, 2346 = y + 5*l. Is y prime?
False
Let a(p) be the second derivative of 0 + 8/3*p**4 - 55/2*p**2 + 33*p - 2/3*p**3. Is a(8) prime?
False
Let k(h) = 13*h**3 - 6*h**2 + 6*h + 48. Let r be k(10). Suppose 11*t = -r + 100145. Is t composite?
True
Let t(f) = f**2 - 11*f + 31. Let u be t(9). Suppose u*z = -5 + 96. Suppose 382 = -5*o + z*o. Is o composite?
False
Suppose -7*n = 3*u - 8*n + 21, 2 = -u + 2*n. Is ((-2)/u)/((-35)/(-141260)) a composite number?
False
Let i(t) = t**3 - 34*t**2 + 36*t - 85. Let o = -142 + 178. Is i(o) a composite number?
False
Suppose m = -m + 6. Suppose -m*g - 40*r + 37*r + 9282 = 0, 2*g + 5*r - 6203 = 0. Is g composite?
False
Let y(p) = 5*p**3 - 6*p**2 - 7*p - 1. Let m(u) = -3*u - 18. Let x be m(-8). Is y(x) a composite number?
False
Let x = 2595 - 1445. Suppose -11*n + n + x = 0. Is n prime?
False
Let d(h) = 490*h**3 - 24*h**2 - 18*h + 110. Is d(6) a composite number?
True
Let n(t) = 578*t**2 - 52*t - 10. Is n(6) composite?
True
Let w = 1449 + -2613. Suppose d = -5*s + 2318, -4*d - 4217 = 5*s - 13474. Let n = d + w. Is n a composite number?
True
Let l(y) = -y**2 - 3*y - 17. Let j be l(9). Is 6 + -2194*j/10 prime?
True
Suppose 4*c - 1466789 = -3*b, 3*b - 3*c - 1979576 + 512738 = 0. Is b composite?
True
Let o(p) = p**2 + 17*p + 8. Let v be o(-6). Let f = v - -59. Is ((-1)/(1/631))/((-1)/f) a composite number?
False
Is (((-4)/1)/12)/((-10)/120) - -241663 composite?
False
Let u(i) = i**2 + 12*i - 4. Let t be u(-14). Suppose 23*h = t*h - 3817. Is h prime?
False
Suppose -18 - 11 = 4*c - 5*o, 13 = 2*c + 3*o. Is 242304/56 + c/(-7) composite?
False
Suppose 0 = 102*u - 28*u + 1258. Let h(s) be the second derivative of s**4/3 - 8*s**3/3 - 31*s**2/2 - s. Is h(u) a prime number?
False
Let k(g) be the second derivative of -25/2*g**2 - 49/3*g**3 - 33*g + 0. Is k(-12) composite?
False
Let l(b) be the first derivative of -b**5/20 + 19*b**4/12 - 4*b**3 + 15*b**2/2 - 8*b - 1. Let k(h) be the first derivative of l(h). Is k(17) a prime number?
False
Let i be (-1 + -5)*((-238)/4 - 1). Let h = i - 112. Is h composite?
False
Is 322970 - (-7 - (-5 - 9)) composite?
False
Let b = -38 - -134. Suppose 108*c = b*c + 126264. Is c a composite number?
True
Let q = -112149 - -180500. Is q prime?
True
Suppose 3*j = -2 + 8. Suppose 4*s + j*s = 4038. Is s prime?
True
Suppose -4 = 4*g, -5*g - 195272 = 9*w - 12*w. Is w prime?
True
Let k = 9 - 6. Suppose -9 - k = -3*g. Suppose 2*t = g*r - 3*r + 424, -r = t - 218. Is t composite?
True
Let z = 754 - 745. Is ((19 - z) + -15691)/(-3*1) a prime number?
True
Let t(h) = 27*h**2 + h + 14. Let q(n) = 109*n**2 + 5*n + 56. Let v(k) = -2*q(k) + 9*t(k). Let i be v(3). Let x = i - -146. Is x composite?
True
Suppose 206*z = 203*z + 32829. Is z a prime number?
False
Let t be (-4 - -2)/2 + 1. Let f be t - (34/(-6))/(3/36). Suppose -f = 22*k - 24*k. Is k composite?
True
Suppose 2*i + 114789 = 3*f, -29446 + 105962 = 2*f - 3*i. Is f a composite number?
True
Let k = 259 + -369. Let v = 288 + k. Is v a composite number?
True
Let x(c) = -c - 20. Let o be x(-19). Let w be (-4)/5 - o - 115490/(-50). Let v = w - 1303. Is v composite?
True
Let b = 1929 - -16768. Suppose 10*m = 2293 + b. Is m composite?
False
Is -6 + 65/10 + 5400744/16 composite?
True
Let h = 243 - -1570. Suppose -4*w + h = 2*s - 3*s, -4*s - 4 = 0. Is w prime?
False
Let i(k) = 3*k**3 + 41*k**2 - 19*k - 20. Let h be i(-14). Let o = h - -2267. Is o a prime number?
False
Suppose -f + 55 = 6*x - 2*x, 0 = f + 5. Suppose 16*p - 11*p = x. Suppose p*z - 599 + 68 = 0. Is z prime?
False
Let m be (50 - 1) + (-1 - -3). Let n(v) = 3*v - 20. Let b be n(-8). Let c = m + b. Is c a composite number?
False
Let x(y) = -5*y - 32. Let n be x(-7). Suppose n*w - 18 = 6. Suppose 0 = j + w*j - 4419. Is j a prime number?
True
Let c be 9*(-2 + 16/9)*-6. Suppose -7*g = -c*g + 20. Suppose 5*x - x = g*q + 9204, x + 3*q = 2321. Is x a prime number?
False
Let h(k) = 4*k + 33. Let f be h(-7). Suppose 3021 = v - f*i, 3*v - 11181 + 2146 = i. Is v a prime number?
True
Let m = 52420 - -181551. Is m a composite number?
True
Let c(h) = 6*h**3 - 47*h**2 - 360*h + 64. Is c(25) a composite number?
False
Is 904*(-377)/(-52) + 1*2 + 3 composite?
True
Let t(n) = -42390*n - 3481. Is t(-5) prime?
True
Let i(y) = 6919*y**2 - 19*y - 33. Let g be i(-2). Is 10/(-30)*g/(-1) prime?
True
Suppose 4*j - 15 = -3*y, -j + 26 = 4*y + 6. Let o(v) = 6*v + 1381. Is o(j) composite?
False
Suppose -f = -0*f - 102510. Suppose 4*r + 102510 = -3*v, -f = 3*v + 2*r - 5*r. Is 2/7 - v/14 a composite number?
False
Let y = -485 + 1390. Let p = 344 - y. Let l = p - -1063. Is l prime?
False
Let s be (0 + -1 - 1) + 26 + -14. Suppose s*g = -4459 + 14529. Is g a prime number?
False
Let g(z) = -6*z - 14. Let w be g(-4). Is w/(40/(-12)) + 254 a composite number?
False
Let f = 299868 - 142569. Is f a prime number?
False
Suppose -9*s - 435482 = 10*s - 65*s. Is s composite?
False
Let g be (6924/(-9) + 0)/((-2)/(-12)). Let o = -1150 - g. Let t = o + -2069. Is t composite?
True
Let s be (-2 + 1)*-6 + -3. Let d = -411 + 415. Suppose d*q - w + 388 = 4852, -q = s*w - 1129. Is q a composite number?
False
Let m(g) = 87*g**2 + 2*g - 30. Let v be m(-9). Suppose -19*s = -16*s - v. Is s prime?
True
Is ((-67269)/(-6))/(20/40) a composite number?
True
Let b = -13440 + 27148. Suppose -b = 2*j - 6*j. Is j prime?
False
Suppose 265284 = 3*m - 3*g, 4*m - 180192 = -4*g + 173480. Is m a composite number?
False
Let i(g) = 398*g - 54. Let d be i(26). Suppose 5*x - 10366 - d = 0. Let l = x - 2159. Is l a prime number?
True
Let l = -176 + 178. Suppose 2905 - 843 = l*u. Is u prime?
True
Suppose -12*b = -922007 + 12215. Let h = -41531 + b. Is h composite?
True
Let l be ((-3)/(-3))/(1/(-4)). Let j(f) = -44*f**2 + 17 + 7*f - 30*f**3 + 6*f**2 + 38*f**2. Is j(l) a composite number?
True
Let i = 2826 - -12083. Is i composite?
True
Suppose -59660 - 69077 = -7*r. Let s = r + -11324. Is s prime?
False
Let t = 151 - 151. Suppose 3*n = -0*u - 2*u + 2189, 5*n - u - 3670 = t. Is n a composite number?
False
Suppose -2*g - 8 = -4*n, 3*g + 7*n = 3*n + 28. Suppose 0 = -5*q - 25, -y - g*y - 2*q + 88005 = 0. Is y a prime number?
False
Let r(n) = 62647*n - 1077. Is r(4) prime?
False
Let h(k) = -3*k + 25. Let j be h(8). Let l be (j - -4) + (-2)/2*1. Is l/2 + 9772/7 - 1 a composite number?
True
Let y(u) = -262*u + 3419. Is y(-31) composite?
True
Let f = -33 + 37. Suppose 5*u + 0*x + 5673 = 2*x, f*u + 4512 = -5*x. Is u/(-3) + (-24)/36 prime?
False
Let p = 126 + -111. Suppose 0 = p*v - 18*v + 2523. Is v a prime number?
False
Let l = -374299 + 643202. Is l a composite number?
True
Suppose 2*r + y - 6455 = 0, -2*r + 6464 = -4*y + 8*y. Is r composite?
True
Let r = -2893 + 5045. Let d = r + -567. Is d a prime number?
False
Suppose -6*s + 6155 + 175 = 0. Let m = 2572 - s. Is m a composite number?
True
Let c(q) be the first derivative of 32*q**3/3 - 14*q**2 - 31*q - 25. Is c(17) prime?
True
Let o(d) = -4*d**3 - 5*d + 4*d**3 - 26*d**2 - 6*d**3 + 4*d**3 - 7. Let f be o(-13). Suppose -9*j = 4 - f. Is j a prime number?
False
Let o(h) = -3*h + 223. Let g be -58*(1 - -2)/(-6). Let i = g + -29. Is o(i) a composite number?
False
Let f(v) = -5*v + 17*v**2 + 13 - v**3 + 0*v**3 + 3*v. Let i be 3 - (-3 - 30/((-55)/(-11))). Is f(i) a composite number?
False
Suppose j - 696 = -5*w + 641, w + 4 = 0. Is j prime?
False
Let g(a) = -2*a**3 + a**2 + 24. Let u be g(0). Suppose -6*w - u*w + 241590 = 0. Is w composite?
False
Suppose 44*m = 47*m - 9. Suppose 3*h + m*t - 10936 = 8*t, -3612 = -h - 5*t. Is h a prime number?
True
Let l = -2128 + 3040. Suppose l - 3688 = -8*t. Is t a prime number?
True
Let q = 40 + -24. Let b = -18 + q. Is b/(-6) + (-8792)/(-12) prime?
True
Suppose 488 = 5*x - g - 592, 4*g - 432 = -2*x. Let k = x - -3171. Is k a composite number?
True
Let v = 205681 + -126156. Suppose -33*z + 28*z + v = 0. Is z composite?
True
Let f(w) = 226*w - 341*w - 400*w - 7. Is f(-4) a prime number?
True
Let s(o) = 2